{"id":2,"date":"2018-08-08T11:15:28","date_gmt":"2018-08-08T09:15:28","guid":{"rendered":"http:\/\/championnats-aveyron.ovh\/?page_id=2"},"modified":"2021-05-11T21:55:38","modified_gmt":"2021-05-11T19:55:38","slug":"page-d-exemple","status":"publish","type":"page","link":"https:\/\/championnats-aveyron.ovh\/","title":{"rendered":"Accueil"},"content":{"rendered":"<h4>Vous pourrez retrouver les r\u00e9sultats des championnats de p\u00e9tanque de l&rsquo;Aveyron qui seront accessibles sur ce site.<\/h4>\n<h4>R\u00e9sultats des championnats classiques Triplettes, Doublettes etc, mais aussi les championnats de club s\u00e9niors, f\u00e9minines, jeunes et v\u00e9t\u00e9rans.<\/h4>\n<h4>Toutes les informations concernant ces diff\u00e9rentes comp\u00e9titions seront regroup\u00e9es pour faciliter la recherche.<\/h4>\n","protected":false},"excerpt":{"rendered":"<p>Vous pourrez retrouver les r\u00e9sultats des championnats de p\u00e9tanque de l&rsquo;Aveyron qui seront accessibles sur ce site. R\u00e9sultats des championnats classiques Triplettes, Doublettes etc, mais aussi les championnats de club s\u00e9niors, f\u00e9minines, jeunes et v\u00e9t\u00e9rans. Toutes les informations concernant ces diff\u00e9rentes comp\u00e9titions seront regroup\u00e9es pour faciliter la recherche.<\/p>\n","protected":false},"author":1,"featured_media":0,"parent":0,"menu_order":0,"comment_status":"closed","ping_status":"open","template":"","meta":{"footnotes":""},"class_list":["post-2","page","type-page","status-publish","hentry"],"_links":{"self":[{"href":"https:\/\/championnats-aveyron.ovh\/index.php?rest_route=\/wp\/v2\/pages\/2","targetHints":{"allow":["GET"]}}],"collection":[{"href":"https:\/\/championnats-aveyron.ovh\/index.php?rest_route=\/wp\/v2\/pages"}],"about":[{"href":"https:\/\/championnats-aveyron.ovh\/index.php?rest_route=\/wp\/v2\/types\/page"}],"author":[{"embeddable":true,"href":"https:\/\/championnats-aveyron.ovh\/index.php?rest_route=\/wp\/v2\/users\/1"}],"replies":[{"embeddable":true,"href":"https:\/\/championnats-aveyron.ovh\/index.php?rest_route=%2Fwp%2Fv2%2Fcomments&post=2"}],"version-history":[{"count":6,"href":"https:\/\/championnats-aveyron.ovh\/index.php?rest_route=\/wp\/v2\/pages\/2\/revisions"}],"predecessor-version":[{"id":762,"href":"https:\/\/championnats-aveyron.ovh\/index.php?rest_route=\/wp\/v2\/pages\/2\/revisions\/762"}],"wp:attachment":[{"href":"https:\/\/championnats-aveyron.ovh\/index.php?rest_route=%2Fwp%2Fv2%2Fmedia&parent=2"}],"curies":[{"name":"wp","href":"https:\/\/api.w.org\/{rel}","templated":true}]}}